uppose -4*n = -467 + v. What is the tens digit of n?
7
Suppose 250 = 5*k + 20*k. Let d(w) be the third derivative of -w**6/120 + w**5/5 - 3*w**4/4 - 11*w**3/6 + w**2. What is the units digit of d(k)?
9
Suppose 21*j - 25*j = -1912. Let n = -254 + j. What is the tens digit of n?
2
Let h(u) = -u**2 - 10*u - 6. Let f be h(-6). Let p = 6 - f. Let x(a) = -2*a - 13. What is the tens digit of x(p)?
1
Suppose -3*n = -j + 5*j - 5, 4*n = 3*j + 15. Suppose 0 = n*v - 0*v, -2*v - 940 = -4*o. What is the units digit of o?
5
Suppose 3*w + 4*x = 10, 5*w - 4*x + 6*x - 12 = 0. What is the units digit of w + -183*(-2)/6?
3
Suppose -5*c - 666 = -14*c. Let p = c - -80. What is the units digit of p?
4
Let q = -21 + 24. Let d(k) = -k**2 + k + 4. Let p be d(q). What is the units digit of (-44)/(-3) + p/(-6)?
5
Suppose -3*q + 181 = -194. Suppose 0 = 5*m + 2*g - q, 0*g = 4*g. What is the units digit of m?
5
Let p = 724 - -1370. What is the units digit of p?
4
Suppose 6*l + 5 = -25. What is the hundreds digit of 4 + l + 4 + 195?
1
Suppose -3*y = 5*l - 4845 - 355, -2*y = l - 3476. What is the units digit of y?
0
Let l = 11 + -5. Let u be -1*(l - -1) - -2. Let f(z) = -7*z - 2. What is the units digit of f(u)?
3
Let k(h) = 2*h**3 - h**2 + h. Let o be k(1). Suppose -o*p = 3*p + 575. Let i = -82 - p. What is the units digit of i?
3
Suppose 4*r - 1445 = -w, 4*r + 4*w + 0*w = 1436. Let y = -216 + r. What is the units digit of y?
6
Let c(a) be the first derivative of a**2/2 + 3*a - 5. Let w be c(2). Suppose w*g - 193 = 2. What is the units digit of g?
9
Suppose 2*q + 4 = -2*m - 2*m, 2*m + 3*q + 10 = 0. What is the units digit of 132 - ((-4)/(-12)*3)/m?
1
Let m(a) = 100*a + 3125. What is the thousands digit of m(0)?
3
Let r(y) = y**2 - 7*y + 6. Let p be r(4). Let l(h) = -h**3 - 6*h**2 - 8*h + 5. What is the tens digit of l(p)?
5
Let w = -722 - -1012. What is the units digit of w?
0
Let c = 70 - -6. Suppose 20 = 2*n - c. What is the tens digit of n?
4
Suppose z + 35 = 37. Suppose -z*j = 2*r - 18, 9 = r + 4*j - 9*j. What is the units digit of r?
9
Let u be ((-1)/1)/((-5)/215). Let v = -26 + u. Suppose -88 = -2*c + f, -c + 45 = 4*f - v. What is the units digit of c?
6
Suppose 9*l - 23426 = 3295. What is the hundreds digit of l?
9
Let t(q) = -q**3 + q**2 + 4*q + 75. What is the hundreds digit of t(-10)?
1
Let k = 80 + -131. Let f = 110 + k. What is the units digit of f?
9
What is the thousands digit of -1*(-3 - -4) - -1497?
1
Suppose 0 = -15*p + 2656 + 12479. What is the thousands digit of p?
1
Suppose k + 5*r - 519 - 230 = 0, -2261 = -3*k - r. What is the hundreds digit of k?
7
Let m(o) = -3*o**3 + 50*o**2 - 19*o - 76. What is the tens digit of m(16)?
3
Suppose 3*n + n = 24. Let w be ((-27)/n - -3)*-2. What is the units digit of w/15 - (-36)/20?
2
Suppose 4*r = -c + 4 - 12, -5*c - 18 = -2*r. Let n be 0/((-2 - c) + -5). What is the units digit of 0 - (-9 - (n + 0))?
9
Suppose -150 = -18*j + 3*j. What is the units digit of (-39 - -1)/(j/(-35))?
3
What is the tens digit of (36/28)/(-3)*-1267?
4
Let v(u) = 486*u + 50. What is the hundreds digit of v(4)?
9
Suppose 4*y = 0, -5*y = 4*t - 1667 - 1165. What is the tens digit of t?
0
What is the tens digit of (-2)/(-10) - 112023/(-135)?
3
Let f(p) = -p**3 + p**2 + 4. Let n be f(0). Suppose 5*c = -25, -4*m + 38 + 99 = 3*c. Suppose m = v + 3*x - n, -x + 50 = v. What is the units digit of v?
4
Suppose -3*h + 101 - 95 = 0. What is the tens digit of 113 + -9 + h/2 + -2?
0
Suppose 0*l + 2*l = -18. Let v(j) = -3*j**3 - 9*j**2 + 2*j. Let w(r) = 16*r**3 + 45*r**2 - 10*r. Let h(f) = -11*v(f) - 2*w(f). What is the tens digit of h(l)?
1
Let z be (-3)/(24/(-42) - (-27)/35). What is the units digit of (16 + z)*-1*1 - -14?
3
Suppose 8 = 4*s, -2*s - 54 = 2*d + 8. Let o = 49 + d. What is the units digit of o?
6
Suppose 0 = 3*x + q + 2*q - 15, -3*q + 15 = -4*x. Suppose x = 5*i - 464 + 149. What is the tens digit of i?
6
Let f be (71/(-2))/((-6)/12). Suppose 2*k - 3*v - 19 = -52, -4*v - f = 5*k. What is the tens digit of (12/k)/(2/(-25))?
1
Let k = 5 - 8. Let l = k - -6. Let f(z) = z**3 + z**2 - 2*z + 6. What is the units digit of f(l)?
6
Suppose 0 = -0*o + 2*o - 70. Suppose v = -b + o, v - 3*b = -0*b + 39. What is the units digit of v?
6
Suppose q - 4*i = 2244, -25*i - 11242 = -5*q - 27*i. What is the units digit of q?
8
Let h = 1826 - 612. What is the units digit of h?
4
Let b(y) = 43 + 47 - 11 - 4 - 24*y - y**2. What is the tens digit of b(-26)?
2
Let h be 172/(-36) + 5 - 105564/(-27). Suppose 0 = -2*y - 21*y + h. What is the units digit of y?
0
Let a = 8 + -16. Let b = a + 10. Suppose b*d + 4*h = 38, -3*h + 9 = -3. What is the units digit of d?
1
Suppose -3*c + 3 = -9. Let v be (-490)/c + (-3)/(-2). What is the units digit of v/(-2) - 24/16?
9
Let f = 18 + -18. Suppose 3*x = 2*o - 11, f*o + 3*o = 5*x + 16. What is the units digit of o?
7
Let y = 2054 - 300. What is the units digit of y?
4
Let n be -1 + 2 + 2 - -187. Let s = n + -113. What is the tens digit of s?
7
Let u(l) = l + 9. Let m be u(0). Suppose 5*g - m*g = 0. Suppose g = 2*b - b - 8. What is the units digit of b?
8
Suppose v + s = 16, -4*s = v - 9*s - 46. Suppose 3*b + 4*l + 11 = 0, -5*b + 0*l - 28 = -3*l. Let h = b + v. What is the tens digit of h?
1
What is the tens digit of 1*(-1)/2 - (-9753)/6?
2
Let j(s) = -18 - 27*s + 0*s + 2*s**2 - 23*s. What is the tens digit of j(28)?
5
Let t be (-10)/(-65) - (-102)/13. Let l = 12 - t. Let a = 26 - l. What is the tens digit of a?
2
Suppose 0 = -a + 2 + 4. Suppose 12 = a*d - 6. Suppose -146 = -3*s + 3*y + 4, -4*s - d*y + 172 = 0. What is the tens digit of s?
4
Suppose 2*j + 9 = -j. What is the tens digit of (-128)/(-8)*(-2 - j)?
1
Suppose 5*z + n = 87 + 83, n = -3*z + 104. Suppose 0*a + 57 = -5*k + 3*a, -3*a = -3*k - z. What is the tens digit of 175/6 - (-2)/k?
2
Let m(p) = -2 - 3*p - p**3 - 3 - 28*p**2 + 34*p**2. Let w be m(5). Suppose 0 = -v - 3*v + w*j + 154, 0 = -2*v - 5*j + 92. What is the units digit of v?
1
Let a(q) = -q**3 - 8*q**2 + q - 9. Let i(z) = -10*z**3 + z**2 - 2*z + 2. Let m be i(1). What is the units digit of a(m)?
3
Suppose 5*b - 4 = -5*i + 6, -2*i + 22 = -4*b. Suppose -d - 3*d = -i*x + 202, d - 86 = -2*x. What is the tens digit of x?
4
Suppose -22*g - 1494 = -24*g. What is the tens digit of g?
4
What is the thousands digit of (4 + 0)/(((-76)/(-3520))/19)?
3
What is the tens digit of -5 - (-2064 + 0)*4/4?
5
Suppose 5*w + 3*a - 24096 + 7871 = 0, 0 = -6*w + 4*a + 19432. What is the hundreds digit of w?
2
Let c(g) = 94*g - 104. What is the hundreds digit of c(15)?
3
Let t be 70/30*(-2)/(2/(-3)). Let g = t + -2. What is the units digit of g?
5
Let c(v) = -98*v - 162. What is the units digit of c(-15)?
8
Let c(p) = -2*p**3 - 12*p**2 + 2*p + 32. What is the hundreds digit of c(-8)?
2
Suppose -2*b + c + 20 = 0, -2*c = -3*b + 3*c + 37. Suppose 3*p + 3*k = 573, -3*k + b = -0*k. What is the hundreds digit of p?
1
Suppose 2*a = -6, 2*z + 2*a - 779 - 73 = 0. What is the units digit of z?
9
Let b be 4/(-3)*(12 - 15). Suppose -48 = -5*n - b*o, 3*n - 5*o - 63 = -n. Let r = n - -13. What is the units digit of r?
5
Suppose 3*b - 5*j = -31, 0 = 2*b - j + 5 + 18. Let c(a) = -3*a - 7. Let d be c(b). Let v = d + -13. What is the units digit of v?
6
Suppose 8*c - 3 = 13. Suppose -2*x + x + 194 = 0. Suppose 4*v - x = l, -2 = -c*l + 2. What is the tens digit of v?
4
Let m be (-8)/(-2) + -1 + (3 - 3). What is the units digit of (5/10)/(-1*m/(-996))?
6
Let z(n) = 4*n**2 - 22*n + 189. What is the thousands digit of z(25)?
2
Suppose -m + y + 337 = -y, 0 = 3*y. Let s = m + -131. What is the tens digit of s?
0
Suppose -4*b + 8696 = 7*d - 11*d, 4*b = -2*d + 8696. What is the thousands digit of b?
2
Let i(x) = 3 + 2*x + 2 - 3 + 2*x**2. Suppose -3*h - 7 = -4. What is the units digit of i(h)?
2
Let z be (-2)/(-4) + 116/(-8). What is the tens digit of z/77 + 519/11?
4
Suppose 3*b + 2*h - 433 = 475, 0 = b + 3*h - 305. What is the hundreds digit of b?
3
Suppose -5*w - 183 = o + 58, 0 = -w - 3*o - 37. Let j(c) = c**3 + 6*c**2 + 4*c - 8. Let a be j(-7). Let f = w - a. What is the tens digit of f?
3
Suppose m + 5*y - 7 = -2*m, -y - 17 = -4*m. Suppose 3*x = 2*p + 14, 0*x = 5*p - m*x + 28. Let o(b) = -b**3 - 4*b**2 - 5*b + 2. What is the tens digit of o(p)?
2
Suppose 72 = 6